{"id":379,"date":"2016-02-07T02:26:42","date_gmt":"2016-02-07T01:26:42","guid":{"rendered":"http:\/\/mapconcept.fr\/?page_id=379"},"modified":"2016-02-07T02:26:42","modified_gmt":"2016-02-07T01:26:42","slug":"mentions-legales","status":"publish","type":"page","link":"https:\/\/mapconcept.fr\/index.php\/mentions-legales\/","title":{"rendered":"Mentions l\u00e9gales"},"content":{"rendered":"<p><strong>Les mentions l\u00e9gales obligatoires concernant mapconcept.fr sont indiqu\u00e9es sur cette page conform\u00e9ment \u00e0 la loi pour la confiance dans l\u2019\u00e9conomie num\u00e9rique (LCEN) de juin 2004.<\/strong><\/p>\n<h2>EDITEUR<\/h2>\n<p><strong>M.A.P. Concept<\/strong><br \/>\nMarque fran\u00e7aise d\u00e9pos\u00e9e n\u00b03856367<br \/>\nCode APE 7410Z<br \/>\nSIRET 81767474000029<br \/>\nSi\u00e8ge social: 97260 Le Morne Rouge &#8211; Martinique.<br \/>\nResponable de la publication : M. Jonathan KIN-FOO<\/p>\n<h2>CREATION<\/h2>\n<p><strong>M.A.P. Concept<\/strong><br \/>\n97260 Le Morne Rouge &#8211; Martinique.<\/p>\n<h2>HEBERGEMENT<\/h2>\n<p><strong>OVH<\/strong><br \/>\nSAS au capital de 10 059 500 \u20ac<br \/>\nRCS Lille M\u00e9tropole 424 761 419 00045<br \/>\nCode APE 6202A<br \/>\nN\u00b0 TVA : FR 22 424 761 419<br \/>\nSi\u00e8ge social : 2 rue Kellermann &#8211; 59100 Roubaix &#8211; France.<br \/>\nDirecteur de la publication : Octave KLABA<\/p>\n<h2>PROPRI\u00c9T\u00c9 INTELLECTUELLE<\/h2>\n<p>En application de la loi du 11 mars 1957 (art. 41) et du code de la propri\u00e9t\u00e9 intellectuelle du 1er juillet 1992 : l&rsquo;ensemble des textes, illustrations, photographies, plans, dessins, animations, vid\u00e9os, sons contenus sur ce site internet ne peuvent pas \u00eatre utilis\u00e9s ou reproduits sans obtention de l&rsquo;autorisation de l&rsquo;\u00e9diteur. Pour toute demande de reproduction ou d&rsquo;utilisation d&rsquo;\u00e9l\u00e9ments contenus sur le site internet, de prenez contact:<br \/>\nMail : <strong>contact@mapconcept.fr<\/strong><\/p>\n<h2>CONFIDENTIALIT\u00c9<\/h2>\n<p>Conform\u00e9ment \u00e0 la loi du 6 janvier 1978 relative \u00e0 l&rsquo;informatique, aux fichiers et aux libert\u00e9s, ce site a fait l&rsquo;objet d&rsquo;une d\u00e9claration aupr\u00e8s de la Commission Nationale Informatique et Libert\u00e9s (n\u00b0 d&rsquo;enregistrement en attente).<br \/>\nPour toute collecte d&rsquo;informations priv\u00e9es via les formulaires pr\u00e9sents sur ce site, vous disposez d&rsquo;un droit d&rsquo;acc\u00e8s, de modification, de rectification et de suppression des donn\u00e9es qui vous concernent. Pour l&rsquo;exercer, adressez-vous \u00e0 Lorenzo Architecture aux coordonn\u00e9es mentionn\u00e9es ci-dessus.<\/p>\n<h2>RECCUEIL D&rsquo;INFORMATIONS<\/h2>\n<p>Ces informations sont destin\u00e9es \u00e0 \u00ab\u00a0M.A.P. CONCEPT\u00a0\u00bb Nous ne les transmettrons pas \u00e0 des tiers (partenaires commerciaux, etc). Vous disposez d&rsquo;un droit d&rsquo;acc\u00e8s, de modification, de rectification et de suppression des donn\u00e9es vous concernant (art. 34 de la loi \u00ab Informatique et Libert\u00e9s \u00bb du 6 janvier 1978). Pour toute demande, envoyez un mail \u00e0 : contact@mapconcept.fr<\/p>\n<h2>COOKIES<\/h2>\n<p>Afin d\u2019am\u00e9liorer et de personnaliser la navigation, des cookies peuvent \u00eatre d\u00e9pos\u00e9s sur votre ordinateur. Vous pouvez choisir de refuser ces cookies en paramettrant votre navigateur. Pour en savoir plus sur le fonctionnement des cookies, nous vous invitons \u00e0 lire <a href=\"http:\/\/www.cnil.fr\/vos-libertes\/vos-traces\/les-cookies\/\" target=\"_blank\" rel=\"noopener\">cette page sur le site de la CNIL<\/a>.<\/p>\n","protected":false},"excerpt":{"rendered":"<p>Les mentions l\u00e9gales obligatoires concernant mapconcept.fr sont indiqu\u00e9es sur cette page conform\u00e9ment \u00e0 la loi pour la confiance dans l\u2019\u00e9conomie num\u00e9rique (LCEN) de juin 2004. EDITEUR M.A.P. Concept Marque fran\u00e7aise d\u00e9pos\u00e9e n\u00b03856367 Code APE 7410Z SIRET 81767474000029 Si\u00e8ge social: 97260 Le Morne Rouge &#8211; Martinique. Responable de la publication : M. Jonathan KIN-FOO CREATION M.A.P. Concept 97260 Le Morne Rouge &#8211; Martinique. HEBERGEMENT OVH SAS au capital de 10 059 500 \u20ac RCS Lille M\u00e9tropole 424 761 419 00045 Code APE 6202A N\u00b0 TVA : FR 22 424 761 419 Si\u00e8ge social : 2 rue Kellermann &#8211; 59100 Roubaix &#8211;&hellip;<\/p>\n","protected":false},"author":1,"featured_media":0,"parent":0,"menu_order":0,"comment_status":"closed","ping_status":"closed","template":"","meta":{"footnotes":""},"class_list":["post-379","page","type-page","status-publish","hentry"],"_links":{"self":[{"href":"https:\/\/mapconcept.fr\/index.php\/wp-json\/wp\/v2\/pages\/379","targetHints":{"allow":["GET"]}}],"collection":[{"href":"https:\/\/mapconcept.fr\/index.php\/wp-json\/wp\/v2\/pages"}],"about":[{"href":"https:\/\/mapconcept.fr\/index.php\/wp-json\/wp\/v2\/types\/page"}],"author":[{"embeddable":true,"href":"https:\/\/mapconcept.fr\/index.php\/wp-json\/wp\/v2\/users\/1"}],"replies":[{"embeddable":true,"href":"https:\/\/mapconcept.fr\/index.php\/wp-json\/wp\/v2\/comments?post=379"}],"version-history":[{"count":0,"href":"https:\/\/mapconcept.fr\/index.php\/wp-json\/wp\/v2\/pages\/379\/revisions"}],"wp:attachment":[{"href":"https:\/\/mapconcept.fr\/index.php\/wp-json\/wp\/v2\/media?parent=379"}],"curies":[{"name":"wp","href":"https:\/\/api.w.org\/{rel}","templated":true}]}}